{"id":3533,"date":"2024-12-05T19:59:18","date_gmt":"2024-12-05T19:59:18","guid":{"rendered":"https:\/\/mendozadiversa.com\/?page_id=3533"},"modified":"2024-12-09T23:59:41","modified_gmt":"2024-12-09T23:59:41","slug":"las-catitas","status":"publish","type":"page","link":"https:\/\/mendozadiversa.com\/index.php\/las-catitas\/","title":{"rendered":"LAS CATITAS"},"content":{"rendered":"\t\t<div data-elementor-type=\"wp-page\" data-elementor-id=\"3533\" class=\"elementor elementor-3533\">\n\t\t\t\t\t\t<section class=\"elementor-section elementor-top-section elementor-element elementor-element-c0457ae elementor-section-full_width elementor-section-height-default elementor-section-height-default\" data-id=\"c0457ae\" data-element_type=\"section\" data-settings=\"{&quot;background_background&quot;:&quot;classic&quot;}\">\n\t\t\t\t\t\t<div class=\"elementor-container elementor-column-gap-default\">\n\t\t\t\t\t<div class=\"elementor-column elementor-col-100 elementor-top-column elementor-element elementor-element-d7486de\" data-id=\"d7486de\" data-element_type=\"column\">\n\t\t\t<div class=\"elementor-widget-wrap elementor-element-populated\">\n\t\t\t\t\t\t<div class=\"elementor-element elementor-element-96eb967 elementor-widget elementor-widget-image\" data-id=\"96eb967\" data-element_type=\"widget\" data-widget_type=\"image.default\">\n\t\t\t\t<div class=\"elementor-widget-container\">\n\t\t\t\t\t\t\t\t\t\t\t\t\t\t\t<img fetchpriority=\"high\" decoding=\"async\" width=\"1024\" height=\"576\" src=\"https:\/\/mendozadiversa.com\/wp-content\/uploads\/2024\/12\/IMAGEN-LAS-CATITAS-1-min-1024x576.png\" class=\"attachment-large size-large wp-image-3536\" alt=\"\" srcset=\"https:\/\/mendozadiversa.com\/wp-content\/uploads\/2024\/12\/IMAGEN-LAS-CATITAS-1-min-1024x576.png 1024w, https:\/\/mendozadiversa.com\/wp-content\/uploads\/2024\/12\/IMAGEN-LAS-CATITAS-1-min-300x169.png 300w, https:\/\/mendozadiversa.com\/wp-content\/uploads\/2024\/12\/IMAGEN-LAS-CATITAS-1-min-768x432.png 768w, https:\/\/mendozadiversa.com\/wp-content\/uploads\/2024\/12\/IMAGEN-LAS-CATITAS-1-min.png 1080w\" sizes=\"(max-width: 1024px) 100vw, 1024px\" \/>\t\t\t\t\t\t\t\t\t\t\t\t\t\t\t<\/div>\n\t\t\t\t<\/div>\n\t\t\t\t\t<\/div>\n\t\t<\/div>\n\t\t\t\t\t<\/div>\n\t\t<\/section>\n\t\t\t\t<section class=\"elementor-section elementor-top-section elementor-element elementor-element-6f5b20e elementor-section-full_width elementor-section-height-default elementor-section-height-default\" data-id=\"6f5b20e\" data-element_type=\"section\" data-settings=\"{&quot;background_background&quot;:&quot;classic&quot;}\">\n\t\t\t\t\t\t<div class=\"elementor-container elementor-column-gap-default\">\n\t\t\t\t\t<div class=\"elementor-column elementor-col-100 elementor-top-column elementor-element elementor-element-607d297\" data-id=\"607d297\" data-element_type=\"column\">\n\t\t\t<div class=\"elementor-widget-wrap\">\n\t\t\t\t\t\t\t<\/div>\n\t\t<\/div>\n\t\t\t\t\t<\/div>\n\t\t<\/section>\n\t\t\t\t<section class=\"elementor-section elementor-top-section elementor-element elementor-element-a363a01 elementor-section-boxed elementor-section-height-default elementor-section-height-default\" data-id=\"a363a01\" data-element_type=\"section\" data-settings=\"{&quot;background_background&quot;:&quot;classic&quot;}\">\n\t\t\t\t\t\t<div class=\"elementor-container elementor-column-gap-default\">\n\t\t\t\t\t<div class=\"elementor-column elementor-col-100 elementor-top-column elementor-element elementor-element-f918d3a\" data-id=\"f918d3a\" data-element_type=\"column\" data-settings=\"{&quot;background_background&quot;:&quot;classic&quot;}\">\n\t\t\t<div class=\"elementor-widget-wrap elementor-element-populated\">\n\t\t\t\t\t\t<div class=\"elementor-element elementor-element-f8a5e2a elementor-widget elementor-widget-spacer\" data-id=\"f8a5e2a\" data-element_type=\"widget\" data-widget_type=\"spacer.default\">\n\t\t\t\t<div class=\"elementor-widget-container\">\n\t\t\t\t\t\t\t<div class=\"elementor-spacer\">\n\t\t\t<div class=\"elementor-spacer-inner\"><\/div>\n\t\t<\/div>\n\t\t\t\t\t\t<\/div>\n\t\t\t\t<\/div>\n\t\t\t\t<div class=\"elementor-element elementor-element-3088258 elementor-widget elementor-widget-heading\" data-id=\"3088258\" data-element_type=\"widget\" data-widget_type=\"heading.default\">\n\t\t\t\t<div class=\"elementor-widget-container\">\n\t\t\t\t\t<h2 class=\"elementor-heading-title elementor-size-default\">LAS CATITAS<\/h2>\t\t\t\t<\/div>\n\t\t\t\t<\/div>\n\t\t\t\t<div class=\"elementor-element elementor-element-c3ff528 elementor-widget-divider--view-line elementor-widget elementor-widget-divider\" data-id=\"c3ff528\" data-element_type=\"widget\" data-widget_type=\"divider.default\">\n\t\t\t\t<div class=\"elementor-widget-container\">\n\t\t\t\t\t\t\t<div class=\"elementor-divider\">\n\t\t\t<span class=\"elementor-divider-separator\">\n\t\t\t\t\t\t<\/span>\n\t\t<\/div>\n\t\t\t\t\t\t<\/div>\n\t\t\t\t<\/div>\n\t\t\t\t<div class=\"elementor-element elementor-element-71aba1c elementor-widget elementor-widget-text-editor\" data-id=\"71aba1c\" data-element_type=\"widget\" data-widget_type=\"text-editor.default\">\n\t\t\t\t<div class=\"elementor-widget-container\">\n\t\t\t\t\t\t\t\t\t<h4><strong><em>Lugares hist\u00f3ricos<\/em><\/strong><\/h4><p>Las Catitas es uno de los seis distritos del departamento de Santa Rosa de la provincia de Mendoza. Respecto a infraestructura c\u00edvica, ceremonial y comunitaria, cuenta con una plaza central, una iglesia donde se venera a la virgen de Santa Rosa de Lima, una delegaci\u00f3n municipal, cuatro escuelas de nivel primario, una escuela de nivel secundario, una biblioteca popular, un centro integrador comunitario, un centro de salud, un destacamento policial y tres clubes: el club Eliseo Ortiz (el m\u00e1s antiguo), el club Centenario y el club Arenas. Tuvo existencia tambi\u00e9n otro club, llamado \u201cJuventud independiente\u201d y hoy apodado como \u201cel club de los lotes\u201d pero lamentablemente ya no funciona m\u00e1s. Entre todos los componentes culturales que lo destacan, se suma uno en particular, y es que fue el lugar de nacimiento de Leonardo Favio, cantautor, director de cine, productor cinematogr\u00e1fico, guionista, militante y pol\u00edtico argentino.<\/p>\t\t\t\t\t\t\t\t<\/div>\n\t\t\t\t<\/div>\n\t\t\t\t<div class=\"elementor-element elementor-element-a2671d1 elementor-widget-divider--view-line elementor-widget elementor-widget-divider\" data-id=\"a2671d1\" data-element_type=\"widget\" data-widget_type=\"divider.default\">\n\t\t\t\t<div class=\"elementor-widget-container\">\n\t\t\t\t\t\t\t<div class=\"elementor-divider\">\n\t\t\t<span class=\"elementor-divider-separator\">\n\t\t\t\t\t\t<\/span>\n\t\t<\/div>\n\t\t\t\t\t\t<\/div>\n\t\t\t\t<\/div>\n\t\t\t\t<div class=\"elementor-element elementor-element-1a6e97c elementor-widget elementor-widget-text-editor\" data-id=\"1a6e97c\" data-element_type=\"widget\" data-widget_type=\"text-editor.default\">\n\t\t\t\t<div class=\"elementor-widget-container\">\n\t\t\t\t\t\t\t\t\t<h3><em>Entre todos los componentes culturales que lo destacan, se suma uno en particular, y es que fue el lugar de nacimiento de Leonardo Favio, cantautor,<br \/>director de cine, productor cinematogr\u00e1fico, guionista, militante y pol\u00edtico argentino.<\/em><\/h3>\t\t\t\t\t\t\t\t<\/div>\n\t\t\t\t<\/div>\n\t\t\t\t<div class=\"elementor-element elementor-element-52ddd43 elementor-widget-divider--view-line elementor-widget elementor-widget-divider\" data-id=\"52ddd43\" data-element_type=\"widget\" data-widget_type=\"divider.default\">\n\t\t\t\t<div class=\"elementor-widget-container\">\n\t\t\t\t\t\t\t<div class=\"elementor-divider\">\n\t\t\t<span class=\"elementor-divider-separator\">\n\t\t\t\t\t\t<\/span>\n\t\t<\/div>\n\t\t\t\t\t\t<\/div>\n\t\t\t\t<\/div>\n\t\t\t\t<div class=\"elementor-element elementor-element-9714ba8 elementor-widget elementor-widget-image\" data-id=\"9714ba8\" data-element_type=\"widget\" data-widget_type=\"image.default\">\n\t\t\t\t<div class=\"elementor-widget-container\">\n\t\t\t\t\t\t\t\t\t\t\t\t<figure class=\"wp-caption\">\n\t\t\t\t\t\t\t\t\t\t<img decoding=\"async\" width=\"768\" height=\"550\" src=\"https:\/\/mendozadiversa.com\/wp-content\/uploads\/2024\/12\/CASA-LEONARDO-FABIO-min-768x550.png\" class=\"attachment-medium_large size-medium_large wp-image-3537\" alt=\"\" srcset=\"https:\/\/mendozadiversa.com\/wp-content\/uploads\/2024\/12\/CASA-LEONARDO-FABIO-min-768x550.png 768w, https:\/\/mendozadiversa.com\/wp-content\/uploads\/2024\/12\/CASA-LEONARDO-FABIO-min-300x215.png 300w, https:\/\/mendozadiversa.com\/wp-content\/uploads\/2024\/12\/CASA-LEONARDO-FABIO-min-1024x734.png 1024w, https:\/\/mendozadiversa.com\/wp-content\/uploads\/2024\/12\/CASA-LEONARDO-FABIO-min.png 1256w\" sizes=\"(max-width: 768px) 100vw, 768px\" \/>\t\t\t\t\t\t\t\t\t\t\t<figcaption class=\"widget-image-caption wp-caption-text\"><\/figcaption>\n\t\t\t\t\t\t\t\t\t\t<\/figure>\n\t\t\t\t\t\t\t\t\t<\/div>\n\t\t\t\t<\/div>\n\t\t\t\t<div class=\"elementor-element elementor-element-2eed559 elementor-widget elementor-widget-text-editor\" data-id=\"2eed559\" data-element_type=\"widget\" data-widget_type=\"text-editor.default\">\n\t\t\t\t<div class=\"elementor-widget-container\">\n\t\t\t\t\t\t\t\t\t<p>La producci\u00f3n econ\u00f3mica es diversa. Se desarrolla la vitivinicultura y la ganader\u00eda caprina y vacuna. Un puesto de cabras muy reconocido es el puesto Zapata. Tambi\u00e9n hay chacras. Cuenta con dos bodegas antiguas -Las Trincheras y La Costera- y con<br \/>un secadero de ajo. Saliendo de la zona urbana, se produce y vende vino y cerveza artesanal. Cabe destacar que recientemente se reabri\u00f3 la vieja f\u00e1brica \u201cLanin\u201d de enlatados de tomate y pimiento, la cual estuvo cerrada durante casi dos d\u00e9cadas.<\/p>\t\t\t\t\t\t\t\t<\/div>\n\t\t\t\t<\/div>\n\t\t\t\t<div class=\"elementor-element elementor-element-7f0d72f elementor-widget elementor-widget-spacer\" data-id=\"7f0d72f\" data-element_type=\"widget\" data-widget_type=\"spacer.default\">\n\t\t\t\t<div class=\"elementor-widget-container\">\n\t\t\t\t\t\t\t<div class=\"elementor-spacer\">\n\t\t\t<div class=\"elementor-spacer-inner\"><\/div>\n\t\t<\/div>\n\t\t\t\t\t\t<\/div>\n\t\t\t\t<\/div>\n\t\t\t\t<div class=\"elementor-element elementor-element-b295547 elementor-widget-divider--view-line elementor-widget elementor-widget-divider\" data-id=\"b295547\" data-element_type=\"widget\" data-widget_type=\"divider.default\">\n\t\t\t\t<div class=\"elementor-widget-container\">\n\t\t\t\t\t\t\t<div class=\"elementor-divider\">\n\t\t\t<span class=\"elementor-divider-separator\">\n\t\t\t\t\t\t<\/span>\n\t\t<\/div>\n\t\t\t\t\t\t<\/div>\n\t\t\t\t<\/div>\n\t\t\t\t<div class=\"elementor-element elementor-element-497cd41 elementor-widget elementor-widget-text-editor\" data-id=\"497cd41\" data-element_type=\"widget\" data-widget_type=\"text-editor.default\">\n\t\t\t\t<div class=\"elementor-widget-container\">\n\t\t\t\t\t\t\t\t\t<h3>El pueblo se constituye como tal con la estaci\u00f3n ferroviaria y toma volumen por la inmigraci\u00f3n que recibe: espa\u00f1oles, italianos y \u00e1rabes. Es un pueblo que representa una gran diversidad social, cultural y econ\u00f3mica. Confluyen aqu\u00ed legados nativos, legados de inmigrantes y todo lo que se gener\u00f3 de la mano de la estaci\u00f3n ferroviaria.<\/h3>\t\t\t\t\t\t\t\t<\/div>\n\t\t\t\t<\/div>\n\t\t\t\t<div class=\"elementor-element elementor-element-06c2c33 elementor-widget-divider--view-line elementor-widget elementor-widget-divider\" data-id=\"06c2c33\" data-element_type=\"widget\" data-widget_type=\"divider.default\">\n\t\t\t\t<div class=\"elementor-widget-container\">\n\t\t\t\t\t\t\t<div class=\"elementor-divider\">\n\t\t\t<span class=\"elementor-divider-separator\">\n\t\t\t\t\t\t<\/span>\n\t\t<\/div>\n\t\t\t\t\t\t<\/div>\n\t\t\t\t<\/div>\n\t\t\t\t<div class=\"elementor-element elementor-element-8d73612 elementor-widget elementor-widget-spacer\" data-id=\"8d73612\" data-element_type=\"widget\" data-widget_type=\"spacer.default\">\n\t\t\t\t<div class=\"elementor-widget-container\">\n\t\t\t\t\t\t\t<div class=\"elementor-spacer\">\n\t\t\t<div class=\"elementor-spacer-inner\"><\/div>\n\t\t<\/div>\n\t\t\t\t\t\t<\/div>\n\t\t\t\t<\/div>\n\t\t\t\t<div class=\"elementor-element elementor-element-91a0ab5 elementor-widget elementor-widget-text-editor\" data-id=\"91a0ab5\" data-element_type=\"widget\" data-widget_type=\"text-editor.default\">\n\t\t\t\t<div class=\"elementor-widget-container\">\n\t\t\t\t\t\t\t\t\t<h4><strong><em>El ferrocarril<\/em><\/strong><\/h4><p>La estaci\u00f3n ferroviaria se llama Jos\u00e9 N\u00e9stor Lencinas. Fue inaugurada en el a\u00f1o 1883 y fue cerrada en el a\u00f1o 1993. Desde esta estaci\u00f3n se desprend\u00eda un ramal hacia Monte Com\u00e1n, San Rafael.<\/p>\t\t\t\t\t\t\t\t<\/div>\n\t\t\t\t<\/div>\n\t\t\t\t<div class=\"elementor-element elementor-element-74339c4 elementor-widget elementor-widget-image\" data-id=\"74339c4\" data-element_type=\"widget\" data-widget_type=\"image.default\">\n\t\t\t\t<div class=\"elementor-widget-container\">\n\t\t\t\t\t\t\t\t\t\t\t\t<figure class=\"wp-caption\">\n\t\t\t\t\t\t\t\t\t\t<img decoding=\"async\" width=\"768\" height=\"432\" src=\"https:\/\/mendozadiversa.com\/wp-content\/uploads\/2024\/12\/IMAGEN-LAS-CATITAS-2-min-768x432.png\" class=\"attachment-medium_large size-medium_large wp-image-3535\" alt=\"\" srcset=\"https:\/\/mendozadiversa.com\/wp-content\/uploads\/2024\/12\/IMAGEN-LAS-CATITAS-2-min-768x432.png 768w, https:\/\/mendozadiversa.com\/wp-content\/uploads\/2024\/12\/IMAGEN-LAS-CATITAS-2-min-300x169.png 300w, https:\/\/mendozadiversa.com\/wp-content\/uploads\/2024\/12\/IMAGEN-LAS-CATITAS-2-min-1024x576.png 1024w, https:\/\/mendozadiversa.com\/wp-content\/uploads\/2024\/12\/IMAGEN-LAS-CATITAS-2-min.png 1080w\" sizes=\"(max-width: 768px) 100vw, 768px\" \/>\t\t\t\t\t\t\t\t\t\t\t<figcaption class=\"widget-image-caption wp-caption-text\"><\/figcaption>\n\t\t\t\t\t\t\t\t\t\t<\/figure>\n\t\t\t\t\t\t\t\t\t<\/div>\n\t\t\t\t<\/div>\n\t\t\t\t<div class=\"elementor-element elementor-element-202773e elementor-widget elementor-widget-text-editor\" data-id=\"202773e\" data-element_type=\"widget\" data-widget_type=\"text-editor.default\">\n\t\t\t\t<div class=\"elementor-widget-container\">\n\t\t\t\t\t\t\t\t\t<p>Los comercios se destacan por tener la cl\u00e1sica fisonom\u00eda de las antiguas tiendas, de aberturas grandes, vidriadas y sin reja alguna. No falta la bicicleta reposada en alguna pared, suelta, sin candado. Y es que aqu\u00ed muchos habitantes realizan sus recorridos de compras y visitas a familiares y amigos en bicicleta. Tambi\u00e9n a caballo. Muchas personas andan a caballo por las calles del pueblo, por gusto y distracci\u00f3n.<\/p>\t\t\t\t\t\t\t\t<\/div>\n\t\t\t\t<\/div>\n\t\t\t\t\t<\/div>\n\t\t<\/div>\n\t\t\t\t\t<\/div>\n\t\t<\/section>\n\t\t\t\t<section class=\"elementor-section elementor-top-section elementor-element elementor-element-3e14399 elementor-section-boxed elementor-section-height-default elementor-section-height-default\" data-id=\"3e14399\" data-element_type=\"section\" data-settings=\"{&quot;background_background&quot;:&quot;classic&quot;}\">\n\t\t\t\t\t\t<div class=\"elementor-container elementor-column-gap-default\">\n\t\t\t\t\t<div class=\"elementor-column elementor-col-100 elementor-top-column elementor-element elementor-element-c0752c6\" data-id=\"c0752c6\" data-element_type=\"column\">\n\t\t\t<div class=\"elementor-widget-wrap elementor-element-populated\">\n\t\t\t\t\t\t<div class=\"elementor-element elementor-element-b51b669 elementor-widget elementor-widget-heading\" data-id=\"b51b669\" data-element_type=\"widget\" data-widget_type=\"heading.default\">\n\t\t\t\t<div class=\"elementor-widget-container\">\n\t\t\t\t\t<h2 class=\"elementor-heading-title elementor-size-default\">\u00bfTe interes\u00f3 este contenido?<\/h2>\t\t\t\t<\/div>\n\t\t\t\t<\/div>\n\t\t\t\t<div class=\"elementor-element elementor-element-007804e elementor-widget elementor-widget-heading\" data-id=\"007804e\" data-element_type=\"widget\" data-widget_type=\"heading.default\">\n\t\t\t\t<div class=\"elementor-widget-container\">\n\t\t\t\t\t<h4 class=\"elementor-heading-title elementor-size-default\">Si es as\u00ed y te gustar\u00eda conocer a\u00fan m\u00e1s podes descargar gratuitamente,\n<br> nuestros libros sobre Lavalle o las Catitas<\/h4>\t\t\t\t<\/div>\n\t\t\t\t<\/div>\n\t\t\t\t<div class=\"elementor-element elementor-element-43c833e elementor-align-center elementor-widget elementor-widget-button\" data-id=\"43c833e\" data-element_type=\"widget\" data-widget_type=\"button.default\">\n\t\t\t\t<div class=\"elementor-widget-container\">\n\t\t\t\t\t\t\t\t\t<div class=\"elementor-button-wrapper\">\n\t\t\t\t\t<a class=\"elementor-button elementor-button-link elementor-size-sm elementor-animation-pulse-grow\" href=\"https:\/\/mendozadiversa.com\/index.php\/libros\/\">\n\t\t\t\t\t\t<span class=\"elementor-button-content-wrapper\">\n\t\t\t\t\t\t\t\t\t<span class=\"elementor-button-text\">Aqu\u00ed<\/span>\n\t\t\t\t\t<\/span>\n\t\t\t\t\t<\/a>\n\t\t\t\t<\/div>\n\t\t\t\t\t\t\t\t<\/div>\n\t\t\t\t<\/div>\n\t\t\t\t\t<\/div>\n\t\t<\/div>\n\t\t\t\t\t<\/div>\n\t\t<\/section>\n\t\t\t\t<\/div>\n\t\t","protected":false},"excerpt":{"rendered":"<p>LAS CATITAS Lugares hist\u00f3ricos Las Catitas es uno de los seis distritos del departamento de Santa Rosa de la provincia de Mendoza. Respecto a infraestructura c\u00edvica, ceremonial y comunitaria, cuenta con una plaza central, una iglesia donde se venera a la virgen de Santa Rosa de Lima, una delegaci\u00f3n municipal, cuatro escuelas de nivel primario, [&hellip;]<\/p>\n","protected":false},"author":1,"featured_media":0,"parent":0,"menu_order":0,"comment_status":"closed","ping_status":"closed","template":"","meta":{"om_disable_all_campaigns":false,"_monsterinsights_skip_tracking":false,"_monsterinsights_sitenote_active":false,"_monsterinsights_sitenote_note":"","_monsterinsights_sitenote_category":0,"site-sidebar-layout":"no-sidebar","site-content-layout":"page-builder","ast-site-content-layout":"","site-content-style":"default","site-sidebar-style":"default","ast-global-header-display":"","ast-banner-title-visibility":"","ast-main-header-display":"","ast-hfb-above-header-display":"","ast-hfb-below-header-display":"","ast-hfb-mobile-header-display":"","site-post-title":"disabled","ast-breadcrumbs-content":"","ast-featured-img":"disabled","footer-sml-layout":"","theme-transparent-header-meta":"default","adv-header-id-meta":"","stick-header-meta":"","header-above-stick-meta":"","header-main-stick-meta":"","header-below-stick-meta":"","astra-migrate-meta-layouts":"default","ast-page-background-enabled":"default","ast-page-background-meta":{"desktop":{"background-color":"var(--ast-global-color-4)","background-image":"","background-repeat":"repeat","background-position":"center center","background-size":"auto","background-attachment":"scroll","background-type":"","background-media":"","overlay-type":"","overlay-color":"","overlay-opacity":"","overlay-gradient":""},"tablet":{"background-color":"","background-image":"","background-repeat":"repeat","background-position":"center center","background-size":"auto","background-attachment":"scroll","background-type":"","background-media":"","overlay-type":"","overlay-color":"","overlay-opacity":"","overlay-gradient":""},"mobile":{"background-color":"","background-image":"","background-repeat":"repeat","background-position":"center center","background-size":"auto","background-attachment":"scroll","background-type":"","background-media":"","overlay-type":"","overlay-color":"","overlay-opacity":"","overlay-gradient":""}},"ast-content-background-meta":{"desktop":{"background-color":"var(--ast-global-color-5)","background-image":"","background-repeat":"repeat","background-position":"center center","background-size":"auto","background-attachment":"scroll","background-type":"","background-media":"","overlay-type":"","overlay-color":"","overlay-opacity":"","overlay-gradient":""},"tablet":{"background-color":"var(--ast-global-color-5)","background-image":"","background-repeat":"repeat","background-position":"center center","background-size":"auto","background-attachment":"scroll","background-type":"","background-media":"","overlay-type":"","overlay-color":"","overlay-opacity":"","overlay-gradient":""},"mobile":{"background-color":"var(--ast-global-color-5)","background-image":"","background-repeat":"repeat","background-position":"center center","background-size":"auto","background-attachment":"scroll","background-type":"","background-media":"","overlay-type":"","overlay-color":"","overlay-opacity":"","overlay-gradient":""}},"footnotes":""},"wf_page_folders":[27,26],"class_list":["post-3533","page","type-page","status-publish","hentry"],"aioseo_notices":[],"_links":{"self":[{"href":"https:\/\/mendozadiversa.com\/index.php\/wp-json\/wp\/v2\/pages\/3533","targetHints":{"allow":["GET"]}}],"collection":[{"href":"https:\/\/mendozadiversa.com\/index.php\/wp-json\/wp\/v2\/pages"}],"about":[{"href":"https:\/\/mendozadiversa.com\/index.php\/wp-json\/wp\/v2\/types\/page"}],"author":[{"embeddable":true,"href":"https:\/\/mendozadiversa.com\/index.php\/wp-json\/wp\/v2\/users\/1"}],"replies":[{"embeddable":true,"href":"https:\/\/mendozadiversa.com\/index.php\/wp-json\/wp\/v2\/comments?post=3533"}],"version-history":[{"count":7,"href":"https:\/\/mendozadiversa.com\/index.php\/wp-json\/wp\/v2\/pages\/3533\/revisions"}],"predecessor-version":[{"id":3588,"href":"https:\/\/mendozadiversa.com\/index.php\/wp-json\/wp\/v2\/pages\/3533\/revisions\/3588"}],"wp:attachment":[{"href":"https:\/\/mendozadiversa.com\/index.php\/wp-json\/wp\/v2\/media?parent=3533"}],"wp:term":[{"taxonomy":"wf_page_folders","embeddable":true,"href":"https:\/\/mendozadiversa.com\/index.php\/wp-json\/wp\/v2\/wf_page_folders?post=3533"}],"curies":[{"name":"wp","href":"https:\/\/api.w.org\/{rel}","templated":true}]}}