{"id":3402,"date":"2022-10-25T15:04:27","date_gmt":"2022-10-25T15:04:27","guid":{"rendered":"https:\/\/mendozadiversa.com\/?page_id=3402"},"modified":"2022-10-25T17:47:04","modified_gmt":"2022-10-25T17:47:04","slug":"jocoli-2","status":"publish","type":"page","link":"https:\/\/mendozadiversa.com\/index.php\/__trashed\/jocoli-2\/","title":{"rendered":"JOCOL\u00cd"},"content":{"rendered":"\n<p>Jocol\u00ed tiene una poblaci\u00f3n de alrededor de 4000 a 5000 habitantes. Es el distrito donde se conmemora la Posta Sanmartiniana. Cuenta con arboledas a\u00f1ejas y varias cantinas a ambos lados de la ruta que lo atraviesa. La persona de mayor edad que actualmente reside en la zona es <strong>Alejo Ferrer<\/strong>.<\/p>\n\n\n\n<figure class=\"wp-block-image\"><img decoding=\"async\" src=\"https:\/\/lh4.googleusercontent.com\/Q2v8M3OGMpM30T1Q7QTEwv5zMDohcskEXNuBKo8wlNgnFaxURlWnnLSi5HsGg3q3oHOOxHyW38V5cuhYfMmnQZgqRSWY5bvWepFkOvBrt1jhwLhz1KeO6xEblCNNH5gHm-ud7URS_Dfw5qp5kzcXk07LySdkWWv7RuNlkp143ZEWQs5wBj71wUs0vA\" alt=\"\"\/><\/figure>\n\n\n\n<figure class=\"wp-block-image\"><img decoding=\"async\" src=\"https:\/\/lh3.googleusercontent.com\/7iV0OcvclCf8fcV6K_l8D9p9OLrIchVKUx8CK-LOk8coZ2MgTRRWzpmP3jqE4pMh2OITat9v1ZQgzHIfIRi93iAdzj-n3NALF7UBemHxkNKft73GbMyymMN_hhjaXLzHvAilJY6x5gGPxqSMlRstiVS16lPSmFSJnZQ3XXHc7q2ajJfG9VBAenCcnQ\" alt=\"\"\/><\/figure>\n\n\n\n<figure class=\"wp-block-image\"><img decoding=\"async\" src=\"https:\/\/lh3.googleusercontent.com\/M3iLhs7BFxv0GQZZPBzQQtctXg3vIWMErHkLS0iVpRYfWFKxMmf48H5ebkuVdvt0lDb4XyiM87N7ic3PhKQZ7DvB1CRPqhLT0hUyuMtB512pHoZJbZhHx3Mo3FdsmMWJer-PRiAwtaKYNKEQdHpw5I0_eZZEDejlKNMCKuZ9qUG_5W4fcVDnYNVeTw\" alt=\"\"\/><\/figure>\n\n\n\n<figure class=\"wp-block-image\"><img decoding=\"async\" src=\"https:\/\/lh4.googleusercontent.com\/fy2-RZxKLIzoHkidN-Xr1mxBVA9c63OazHdtQjvK1wdlFywR58Tcc8C-j7G6jUCFPAOzpXiAQY7xBz9MRYoPK-TEyTsZH5tyLMOc5mjXWjJqM3FvDSh0B2Qlhly2f25aK9CQ1qjKTJ8IiFCkM0JmppOAeB5Zt6hixUlShRf0rsUqXG0IJO989gTACA\" alt=\"\"\/><\/figure>\n\n\n\n<figure class=\"wp-block-image\"><img decoding=\"async\" src=\"https:\/\/lh6.googleusercontent.com\/j6RfmCvb0Fn0IS2YA4WGnWNHe09trKwESOtZ28MvdhLZI1W5EjBolR0Ly88wL_Piv7Jr4haun8qBg3JkWY4QjW7pPwZYenFY0KzTtwWZu2k_jkmXL3xIGDpWd_re4cYwMkktMukUVltDzsurnSuyN87y-wNEdQ_UFQeKgb0Dx7_EqDSf4XeOqJqpTQ\" alt=\"\"\/><\/figure>\n\n\n\n<figure class=\"wp-block-image\"><img decoding=\"async\" src=\"https:\/\/lh4.googleusercontent.com\/SkFRqE64sEu0V7P2X-GFW9cBpM8FL73Xdutjx5j8rlcgBDDo6mQubGxL6WvBRsmntm5v7O8nwaXWmWAeiD-D4iz8qLslfTcj0HljV7UMbo12ERuqrRRDU2j4_LgmVlXzjJQR2rw4gBbuu32aGKMT-eOUHIVGHJUvjitV-Qxv6iJlA4Il4RA8WzOkdA\" alt=\"\"\/><\/figure>\n\n\n\n<p>Su paisaje combina monte donde se disponen puestos centralmente caprinos&nbsp; con zonas de producci\u00f3n agr\u00edcola. Hay una zona llamada \u201cBa\u00f1o colorado\u201d con aguas termales ( una&nbsp; \u00e1rea que a futuro se proyecta explotar tur\u00edsticamente) y en el camino se aprecian viejos hornos de cal. Por momentos puede apreciarse a lugare\u00f1os transitar a caballo.<\/p>\n\n\n\n<figure class=\"wp-block-image\"><img decoding=\"async\" src=\"https:\/\/lh6.googleusercontent.com\/XRQGHTuZMOYlyWaobEoE_MMU7qP0kJcexwm2vHEaa0P_yetDZbOtkUsUoj4YPMLWDtNfboBzJ_rf1Hk4T26kSiI18V8LOSQnrK_5p7HQRRWYKVVXDU_Gzpqzp2Mpjpve5PaJwHhumclskl1om5tIWRJWVyV793fwfs_5XejmWywYYzXZ-8I19bnxkA\" alt=\"\"\/><\/figure>\n\n\n\n<figure class=\"wp-block-image\"><img decoding=\"async\" src=\"https:\/\/lh3.googleusercontent.com\/I4HuN8kDt0NMtL4R5zlUF2612IXOVdHuZWMaxN2lw61ua44n62fAxMF0uzwgBzXgI4r-IfRjkw0MsC0nsv4EwZFSLtaOXkbQASyK-W9zq4uS-wLXYXheltuSTT0VXA-ZxMERwC1L2teJ1To2nOoh6WzwV3Anbkklg7wbX2fSBACsDE_ifh53_XxBxA\" alt=\"\"\/><\/figure>\n\n\n\n<p>Monte&nbsp; &nbsp; &nbsp; &nbsp; &nbsp; &nbsp; &nbsp; &nbsp; &nbsp; &nbsp; &nbsp; &nbsp; &nbsp; &nbsp; &nbsp; &nbsp; &nbsp; &nbsp; &nbsp; &nbsp; &nbsp; &nbsp; &nbsp; &nbsp; &nbsp; &nbsp; &nbsp; &nbsp; &nbsp; &nbsp; &nbsp; &nbsp; &nbsp; &nbsp; &nbsp; &nbsp; &nbsp; &nbsp; &nbsp; &nbsp; &nbsp; &nbsp; &nbsp; &nbsp; &nbsp; &nbsp; &nbsp; &nbsp; &nbsp; &nbsp; Vi\u00f1edo<\/p>\n\n\n\n<figure class=\"wp-block-image\"><img decoding=\"async\" src=\"https:\/\/lh3.googleusercontent.com\/HLw4zKygQA4Nky9K239eyVLsVWSETWcOmDb1dkFaplPAEwQWvbatkI7_Ng0URTbFqxBcHdo1HeJd_518C8IkuycgSD3hbqplc1YbagkWoSb65AXT-F0L04qancCjKColtcYe_muGbtaMnfcBbopYLHqt2uO-Aj8k17WzIbWGY9G-Iw1qEpaR9ohihQ\" alt=\"\"\/><\/figure>\n\n\n\n<p>Tiene una capilla muy antigua, construida en barro, llamada \u201cCapilla de Moltalto\u201d. Esta capilla fue construida por un italiano que ten\u00eda muchas fincas en la zona, y fue quien tambi\u00e9n don\u00f3 el terreno para la edificaci\u00f3n de la escuela. Hay un cementerio antiguo y se cuenta que en un tiempo hubo una represa muy grande , que ten\u00eda un kil\u00f3metro de largo, donde la gente iba a pescar.&nbsp;<\/p>\n\n\n\n<figure class=\"wp-block-image\"><img decoding=\"async\" src=\"https:\/\/lh5.googleusercontent.com\/Jj6Qxqew14JM28DlEv7QTjN6edx22zE5tJmtNV6k28SFFtLqq7KYQch_9Z6p8d0lqaBO2xcRpg1xNknY0SaeGiKiSBx-ahY79VySvYX3WEIXHgygmIHWhccVwc3_Twk2fEyiTE81n_mlGC5XoRZPQJ-WoAzvIks6yKFyDQVNJyqMbdJNQg8KIL0h1g\" alt=\"\"\/><\/figure>\n\n\n\n<figure class=\"wp-block-image\"><img decoding=\"async\" src=\"https:\/\/lh5.googleusercontent.com\/--GXegBW9e6Wgnes5JuruWDeAzs229001y5FN0GpbbjoNi1M62o5jKnaxIAlHqvXveiEiPky5A1ch3YZy8wVTUgovtIeS8VIpvPvIQPNKeMnL8nnfioA8s3hVO29bk7Doe-vZZGPU8laF4oIBEavm1gy-9-eI6gsLX62FqaC-w7-El_0ZtyB7VoqKw\" alt=\"\"\/><\/figure>\n\n\n\n<p>Capilla de Montalto<\/p>\n\n\n\n<p>Aqu\u00ed se llevan a cabo dos festivales, uno tipo pe\u00f1a llamado \u201cPe\u00f1a Grande\u201d y otro llamado \u201cFestival Jocol\u00ed Portal de Mendoza\u201d, el cual se realiza en el mes de marzo. Se ha contado con dos agrupaciones gauchas: la agrupaci\u00f3n \u201cPatria y futuro\u201d, coordinada por Anal\u00eda Corval\u00e1n y en funcionamiento activo y la agrupaci\u00f3n \u201cEl Porvenir\u201d, la cual estaba coordinada por Eloy Carmona.&nbsp;<\/p>\n\n\n\n<p>El distrito tiene dos escuelas de nivel primario, una escuela secundaria , un CENS, un Centro Integrador Comunitario y un centro de salud. Adem\u00e1s aqu\u00ed se encuentra la Escuela Campesina de la UST, la radio campesina&nbsp; y el CEBJA, que funciona dentro del CIC. Cuenta con unos siete barrios sin nombre \u201coficial\u201d- la gente los \u201cbautiz\u00f3\u201d de manera informal, por ejemplo, uno de ellos se llama \u201cLos cara sucia\u201d y es un callej\u00f3n- y dos barrios oficializados, el barrio Cooperativa Jocol\u00ed y un barrio de emergencia. Adem\u00e1s hay un campo comunitario de la Asociaci\u00f3n Campesina. Tambi\u00e9n tiene un club -el Club Social&nbsp; y Deportivo Uni\u00f3n Jocol\u00ed- y un centro de jubilados, el cual tiene agencia de tejo.<\/p>\n\n\n\n<p>La producci\u00f3n&nbsp; se basa centralmente en la vitivinicultura , la chacra y los puestos caprinos. &nbsp; Hay una f\u00e1brica de conservas&nbsp; (salsa de tomate)&nbsp; y una peque\u00f1a bodeguita, ambas levantadas por la UST.&nbsp; Del lado de estas actividades vinculadas a los peque\u00f1os productores se encuentra un gigante econ\u00f3mico, la aceitera DEHEZA.&nbsp;<\/p>\n\n\n\n<p>Jocol\u00ed cont\u00f3 con <strong>Estaci\u00f3n ferroviaria<\/strong>, con tres&nbsp; <strong>bodegas <\/strong>y dos <strong>tambos<\/strong>. Una de las bodegas&nbsp; fue enviada a construir por <strong>Vicente Manrique<\/strong>, quien compr\u00f3 la propiedad a Oscar Mendoza. La otra, mantiene instalaciones pero no se encuentra en funcionamiento. Y la otra, solo preserva parte del edificio, que hoy funciona como galp\u00f3n.&nbsp;<\/p>\n\n\n\n<figure class=\"wp-block-image\"><img decoding=\"async\" src=\"https:\/\/lh3.googleusercontent.com\/0VpZIj0mFmVsWdd5BkF0XvjeH_JQUnhCx_qHsJIo1GtB-vSyVktcOskQaRGKbx_bjXQAFJ06ZjpmTDG6HTjdweggeFlSpmL4mlWIa4PRVoKlFSw2hvtOONZPgX8VGR9n1UrwAmUhpm9eAzLBXG6ClC1jrnYY_Stj6eyq9ARw86gmb0dHRTkaIm3GLQ\" alt=\"\"\/><\/figure>\n\n\n\n<figure class=\"wp-block-image\"><img decoding=\"async\" src=\"https:\/\/lh6.googleusercontent.com\/Wg5W4zeRnMj7eZLRrJzt6V0Mt3XxrOGjJWp1XAqF4ouiSD2dpp5RwOnAJ8TIsbV8ZGuVhWDTa8Z5PvBbF7vfTbHduLzd3weJsDF0l_5kY2gs2K6JSj5xckj_1FAz5ABHHlWl1GrdX-mJ7kKj7UIwxbyBOaNw_b5xIBkVzRUsW5N76aAMsGWS1fyx9g\" alt=\"\"\/><\/figure>\n\n\n\n<p>Estaci\u00f3n Ferroviaria Jocol\u00ed<\/p>\n\n\n\n<p>El lugar preserva varias casonas antiguas, algunas en buen estado, otras&nbsp; en ruinas. Una esquina hist\u00f3rica es la esquina de la calles Villanueva y Ruta 40 vieja, lugar donde se encuentra una de las primeras casas construidas en la zona. All\u00ed vivieron los abuelos de Mariela Ruth Enrique,&nbsp; quienes arribaron de Espa\u00f1a e Italia.&nbsp; Sus abuelos paternos fueron Magdalena Argentini y Ram\u00f3n Enrique; sus abuelos maternos, Ausverto Napole\u00f3n Valdez (quien fue quien lleg\u00f3 a Jocol\u00ed como el primer jefe de correo) y Elsa Wilda Quiroga. All\u00ed funcion\u00f3 el primer almac\u00e9n, el cual luego se mud\u00f3 a la ruta 40 hasta su emplazamiento actual donde funciona el mercadito de Juan Argentini.&nbsp;<\/p>\n\n\n\n<figure class=\"wp-block-image\"><img decoding=\"async\" src=\"https:\/\/lh5.googleusercontent.com\/4vJFZfZXb2cMfvqDo83Ux3AppGSH2G8vey_z73GyOR2BmgX8RhseUwfGzHyfv1LykafdpTMyzrCQAuHZwq44Jl96uRTn-wWNeqOuF9R5oboIDxaBahaXeb7S8KbxSM6kfCceuon5ASOU1bkFRUmTgMNZ_LiHNEYEkIClFmIs3jDU7H-WeX0KbIfU5Q\" alt=\"\"\/><\/figure>\n\n\n\n<figure class=\"wp-block-image\"><img decoding=\"async\" src=\"https:\/\/lh3.googleusercontent.com\/hz6DlmlXwkVcOXQFbuwnHjelTzhWclKndnuj8kZVChIBcfBYKri9y1sXoVXc55kYYcP5Y3jqgFUfovTqMbgLNmvM8YfgUz0UlBJFJ_UkIeLJ3DEqsXmP1YFhoZsDxLnFY9fcu7dNGByOeTmnWItSf46zNNQ_4LhTXi2eBvFOGFlpbVfPQ_vh-GFt6w\" alt=\"\"\/><\/figure>\n\n\n\n<p>Esquina hist\u00f3rica de Jocol\u00ed<\/p>\n\n\n\n<figure class=\"wp-block-image\"><img decoding=\"async\" src=\"https:\/\/lh3.googleusercontent.com\/a1onkKC-Nd3iKrbTKl0h5qxxhsSa4KJsDuIS8VFwXSc3Zh7c_qy-xRqlggCcwORYZnLED1sCAquXJwJkHI865sSYHifAwnUigofTm2kgd09YnBP6jM5n43uZQV0Tapd5vTbG8qAeQDch69Ids7BhtSKjQNDZPd3e0g-l1JGD31QVM5MQoc_BD_4Pew\" alt=\"\"\/><\/figure>\n\n\n\n<p>Actual mercadito de Juan Argentini<\/p>\n\n\n\n<figure class=\"wp-block-image\"><img decoding=\"async\" src=\"https:\/\/lh5.googleusercontent.com\/QZUHhal3bONm3dGPPSrvnu2rUbGaO7wwy_5_GTE1C6vATmhap7hegL0BR1m9pKqqDsAao6yi4gLrzSKFcHP73wZQRtMYulgCNM_UhzVaWjG55ER_Os1JUuTOvXY7KLoBf8Q-KRE-UgS3009on3J8bTH65nZJG3maEHKByf-fWbYlrxkdMb970ghfwQ\" alt=\"\"\/><\/figure>\n\n\n\n<p>Casona antigua<\/p>\n\n\n\n<p><strong>Club Social&nbsp; y Deportivo Uni\u00f3n Jocol\u00ed&nbsp;<\/strong><\/p>\n\n\n\n<p>Seg\u00fan Manuel Edmundo Ferrer el <strong>Club Social&nbsp; y Deportivo Uni\u00f3n Jocol\u00ed <\/strong>fue fundado el 17 de agosto de 1979, resultado de la uni\u00f3n de los clubes El Porvenir y Baudron Central. Se conforma legalmente en el a\u00f1o 2000. Esta instituci\u00f3n contiene la mayor\u00eda de la actividad social y deportiva del distrito y recibe&nbsp; a unas 150 personas a diario. Se practica f\u00fatbol, hockey y gimnasia para las mujeres mayores. Cuenta con una pista de baile con escenario y cantina que sirve para todo tipo de encuentro. Adem\u00e1s se realiza tarea de contenci\u00f3n social. En el predio de la cancha se realiza el Festival de Jocol\u00ed \u201cPortal de Mendoza\u201d, un encuentro de danzas y canto organizado en conjunto con todas las entidades intermedias que congrega a artistas de nivel departamental, provincial y nacional. Si bien el club re\u00fane a personas provenientes de distintos signos pol\u00edticos y escalas econ\u00f3micas, prevalece el sector m\u00e1s humilde ya que la poblaci\u00f3n local se encuentra conformada mayormente por obreros de fincas y algunos empleados p\u00fablicos. Sus referentes destacan que una fortaleza del club es la ubicaci\u00f3n c\u00e9ntrica de la cancha; una debilidad, es que congrega a individuos y familias&nbsp; que viven en fincas alejadas donde la frecuencia de micros es escasa o nula. En la actualidad se est\u00e1 participando en la Liga del Deporte de Lavalle con distintas categor\u00edas: Octava, S\u00e9ptima, Quinta, Cuarta, reserva, Femenino, Veteranos, veteranos Mayores y Primera Divisi\u00f3n. Tambi\u00e9n se organiza el Campeonato de F\u00fatbol infantil. El club mantiene su cancha de bochas al aire libre&nbsp; y cuenta con una cantina. Aqu\u00ed se juntan a jugar a las bochas, a tomar algo y a jugar a las cartas, de jueves a domingo a la tardecita. El club es el espacio social que m\u00e1s gente re\u00fane y concentra.&nbsp;<\/p>\n\n\n\n<figure class=\"wp-block-image\"><img decoding=\"async\" src=\"https:\/\/lh6.googleusercontent.com\/WJnvxnUuQPwVU22QGzTT0Uzt_xXd3VVvq99b7nGWYV1M7evfJaIazm5Yrsjr0J0D9tE5W2DYq1Q7uMvW9gBusj2LcwImKy9LsuPtROItHbIrtpMwk8X0Ywx47Ir6K1ipsZfTVTDEtL31-3qYGzt7-IflXt7CqjJRwuMfUYammpdQsM2xgQB4E1vAsA\" alt=\"\"\/><\/figure>\n\n\n\n<p>Club Social&nbsp; y Deportivo Uni\u00f3n Jocol\u00ed&nbsp;<\/p>\n\n\n\n<p><strong>El Tejo<\/strong><\/p>\n\n\n\n<p>El grupo de tejo de Jocol\u00ed se cre\u00f3 en el a\u00f1o 2020 y&nbsp; re\u00fane unas 10 personas entre hombres y mujeres. Juegan los martes y jueves. La actividad tiene una parte social (de integraci\u00f3n social) y una parte competitiva.<\/p>\n\n\n\n<figure class=\"wp-block-image\"><img decoding=\"async\" src=\"https:\/\/lh6.googleusercontent.com\/_m5GKgkurEpxv9CY2SYq78qi179UOuLGI2DPifvMed1VEOuuNk0EN7LOyDrTIS7qBzy_wcdpDMBOTwz1yju1X-uc5NuxokPy31RHsES_5XbZWQEPunGivsb2MmVZR1736D1ZIgdV6jdyTSSTEcIIWlbvBs1O3t7g16X-gVCD1qOCByNsN-7w_ZuAvw\" alt=\"\"\/><\/figure>\n\n\n\n<figure class=\"wp-block-image\"><img decoding=\"async\" src=\"https:\/\/lh3.googleusercontent.com\/SIZ-n0gk_MELDEDWDtTC7dsVUcM3tyg5yVWgKXf-loV9s9fBFCGb2bkAey3PwJpwbcFUBJVvLqNiSNbYetKqjVdLdYjkd08e6Hlwj4O8XLkp2E0VhHqIozWgfxMh_s8trJ1IGLUTeaqwY8tJ5m5o06bOBQAumF8zRDvEx9rjUx5aMmrVkCvBM_Tf1A\" alt=\"\"\/><\/figure>\n\n\n\n<p>Cancha de tejo de Jocol\u00ed<\/p>\n","protected":false},"excerpt":{"rendered":"<p>Jocol\u00ed tiene una poblaci\u00f3n de alrededor de 4000 a 5000 habitantes. Es el distrito donde se conmemora la Posta Sanmartiniana. Cuenta con arboledas a\u00f1ejas y varias cantinas a ambos lados de la ruta que lo atraviesa. La persona de mayor edad que actualmente reside en la zona es Alejo Ferrer. Su paisaje combina monte donde [&hellip;]<\/p>\n","protected":false},"author":1,"featured_media":0,"parent":969,"menu_order":0,"comment_status":"closed","ping_status":"closed","template":"elementor_theme","meta":{"om_disable_all_campaigns":false,"_monsterinsights_skip_tracking":false,"_monsterinsights_sitenote_active":false,"_monsterinsights_sitenote_note":"","_monsterinsights_sitenote_category":0,"site-sidebar-layout":"default","site-content-layout":"default","ast-site-content-layout":"","site-content-style":"default","site-sidebar-style":"default","ast-global-header-display":"","ast-banner-title-visibility":"","ast-main-header-display":"","ast-hfb-above-header-display":"","ast-hfb-below-header-display":"","ast-hfb-mobile-header-display":"","site-post-title":"","ast-breadcrumbs-content":"","ast-featured-img":"","footer-sml-layout":"","theme-transparent-header-meta":"default","adv-header-id-meta":"","stick-header-meta":"","header-above-stick-meta":"","header-main-stick-meta":"","header-below-stick-meta":"","astra-migrate-meta-layouts":"default","ast-page-background-enabled":"default","ast-page-background-meta":{"desktop":{"background-color":"var(--ast-global-color-4)","background-image":"","background-repeat":"repeat","background-position":"center center","background-size":"auto","background-attachment":"scroll","background-type":"","background-media":"","overlay-type":"","overlay-color":"","overlay-opacity":"","overlay-gradient":""},"tablet":{"background-color":"","background-image":"","background-repeat":"repeat","background-position":"center center","background-size":"auto","background-attachment":"scroll","background-type":"","background-media":"","overlay-type":"","overlay-color":"","overlay-opacity":"","overlay-gradient":""},"mobile":{"background-color":"","background-image":"","background-repeat":"repeat","background-position":"center center","background-size":"auto","background-attachment":"scroll","background-type":"","background-media":"","overlay-type":"","overlay-color":"","overlay-opacity":"","overlay-gradient":""}},"ast-content-background-meta":{"desktop":{"background-color":"var(--ast-global-color-5)","background-image":"","background-repeat":"repeat","background-position":"center center","background-size":"auto","background-attachment":"scroll","background-type":"","background-media":"","overlay-type":"","overlay-color":"","overlay-opacity":"","overlay-gradient":""},"tablet":{"background-color":"var(--ast-global-color-5)","background-image":"","background-repeat":"repeat","background-position":"center center","background-size":"auto","background-attachment":"scroll","background-type":"","background-media":"","overlay-type":"","overlay-color":"","overlay-opacity":"","overlay-gradient":""},"mobile":{"background-color":"var(--ast-global-color-5)","background-image":"","background-repeat":"repeat","background-position":"center center","background-size":"auto","background-attachment":"scroll","background-type":"","background-media":"","overlay-type":"","overlay-color":"","overlay-opacity":"","overlay-gradient":""}},"footnotes":""},"wf_page_folders":[11],"class_list":["post-3402","page","type-page","status-publish","hentry"],"aioseo_notices":[],"_links":{"self":[{"href":"https:\/\/mendozadiversa.com\/index.php\/wp-json\/wp\/v2\/pages\/3402","targetHints":{"allow":["GET"]}}],"collection":[{"href":"https:\/\/mendozadiversa.com\/index.php\/wp-json\/wp\/v2\/pages"}],"about":[{"href":"https:\/\/mendozadiversa.com\/index.php\/wp-json\/wp\/v2\/types\/page"}],"author":[{"embeddable":true,"href":"https:\/\/mendozadiversa.com\/index.php\/wp-json\/wp\/v2\/users\/1"}],"replies":[{"embeddable":true,"href":"https:\/\/mendozadiversa.com\/index.php\/wp-json\/wp\/v2\/comments?post=3402"}],"version-history":[{"count":1,"href":"https:\/\/mendozadiversa.com\/index.php\/wp-json\/wp\/v2\/pages\/3402\/revisions"}],"predecessor-version":[{"id":3403,"href":"https:\/\/mendozadiversa.com\/index.php\/wp-json\/wp\/v2\/pages\/3402\/revisions\/3403"}],"up":[{"embeddable":true,"href":"https:\/\/mendozadiversa.com\/index.php\/wp-json\/wp\/v2\/pages\/969"}],"wp:attachment":[{"href":"https:\/\/mendozadiversa.com\/index.php\/wp-json\/wp\/v2\/media?parent=3402"}],"wp:term":[{"taxonomy":"wf_page_folders","embeddable":true,"href":"https:\/\/mendozadiversa.com\/index.php\/wp-json\/wp\/v2\/wf_page_folders?post=3402"}],"curies":[{"name":"wp","href":"https:\/\/api.w.org\/{rel}","templated":true}]}}