{"id":3400,"date":"2022-10-25T14:59:28","date_gmt":"2022-10-25T14:59:28","guid":{"rendered":"https:\/\/mendozadiversa.com\/?page_id=3400"},"modified":"2022-10-25T17:47:32","modified_gmt":"2022-10-25T17:47:32","slug":"jocoli-viejo-2","status":"publish","type":"page","link":"https:\/\/mendozadiversa.com\/index.php\/__trashed\/jocoli-viejo-2\/","title":{"rendered":"JOCOL\u00cd VIEJO"},"content":{"rendered":"\n<p><strong>Jocol\u00ed Viejo <\/strong>es un distrito rural conformado por&nbsp; varias fincas donde se produce vid y chacra. Se encuentra atravesado por calles, callejones, huellas muy pintorescas&nbsp; cuya impronta es el silencio y la tranquilidad. Se destaca por la presencia de casonas muy antiguas, en muy buen estado de conservaci\u00f3n. Hay restaurantes y cantinas y se destaca el emprendimiento \u201cManos de Arenal\u201d. Tambi\u00e9n en la zona se conserva la vieja estaci\u00f3n ferroviaria, correspondiente al ramal Pac\u00edfico, ramal que cerr\u00f3 muy tempranamente, que part\u00eda de Gustavo Andr\u00e9 y conectaba con Chile. El tren ven\u00eda desde la estaci\u00f3n Ing. Gustavo Andr\u00e9 y continuaba por El Plumero, Villa (donde hoy se ubica el polideportivo), Jocol\u00ed Viejo, Pastal hasta llegar al Borboll\u00f3n.&nbsp;<\/p>\n\n\n\n<figure class=\"wp-block-image\"><img decoding=\"async\" src=\"https:\/\/lh3.googleusercontent.com\/8iLL6Hmrb72SkUUmH1ZqgsOkwSJ4JsLRvIu9b-QB2GEFwaUnSWU-Xs-Y36fTC1sVsC5y9B1USkYKTwlbdM2dVSx5OlsyxlTC4K_YiSuG1cpmIYR9Ax1z4sfCzytjy1qSHM7sv6Gx1HcdWg0EOjNU9Xi-gyMlEkyaRevH-BcKVp4JD_3qH0yrKolS4w\" alt=\"\"\/><\/figure>\n\n\n\n<p>Ruta 34, ingreso al departamento<\/p>\n\n\n\n<figure class=\"wp-block-image\"><img decoding=\"async\" src=\"https:\/\/lh5.googleusercontent.com\/HSXsdkMTgsN1oCL5L48141zdoT-rAvICI7dF4AVKDpAcNTBuo9ipgVpb2etMY5zCVOGpzI-ygdIZh1voPT8xazcx_pI-QSlMzDzP7lWK0kdqlrIfUGR5syzs7JooHakegrnzZ1c6pP9j06NIGW6M6ymRWbJ20UAOhqHX5_FRqIwUHPlF9es4CNRP4w\" alt=\"\"\/><\/figure>\n\n\n\n<figure class=\"wp-block-image\"><img decoding=\"async\" src=\"https:\/\/lh4.googleusercontent.com\/nIOrOPNwoyPDzb_DrcJONuGpjPG3iLytVVOy-d-rGUdul-9_2DcGMkzRTxDoNmXwCOvwuza1e_mbDaAEmozHKOV2TvBZLCGTC0onY-CR2_gsj4WpAlimceBDNv-43AsPtBlakDnu5txMNPlW6dqUUq86RQ9FOhGxahYwfE4FPPPtsm83dCDyN49Kmg\" alt=\"\"\/><\/figure>\n\n\n\n<p>Callej\u00f3n &nbsp; &nbsp; &nbsp; &nbsp; &nbsp; &nbsp; &nbsp; &nbsp; &nbsp; &nbsp; &nbsp; &nbsp; &nbsp; &nbsp; &nbsp; &nbsp; &nbsp; &nbsp; &nbsp; &nbsp; &nbsp; &nbsp; &nbsp; &nbsp; &nbsp; &nbsp; &nbsp; &nbsp; &nbsp; &nbsp; &nbsp; &nbsp; &nbsp; &nbsp; &nbsp; &nbsp; &nbsp; &nbsp; &nbsp; Canal Cacique Guaymall\u00e9n<\/p>\n\n\n\n<figure class=\"wp-block-image\"><img decoding=\"async\" src=\"https:\/\/lh5.googleusercontent.com\/l7yZ2f8UXNt6rSLZTgoK2TeZ7W6BMlTGhpzWExMfN1vbFnC1fEF1JipfJFSQYbOqcwYeBVZDK0jBnctvTBJLl09-FO3_S78MfhirA0JkPq4DmzfEtSydCIR9xu8sQplhRM-sNWjrKLCu7x4IILqu0eoXZF8vGGxA4PBl-J4jU8O-kqdLjr-EOWa-ng\" alt=\"\"\/><\/figure>\n\n\n\n<figure class=\"wp-block-image\"><img decoding=\"async\" src=\"https:\/\/lh6.googleusercontent.com\/uR-lYBnOU6aFcufkNT35jWqXaNtcaGghYi8sJTeDAtpIxB-nqPhix1Lh2HcP3ehxGpn616iducBNKav5n28J2aQu2cJX9sUl3JEr1LlmIuNn43-Ea4cR9vZvZ4vwCUoellFx__30YORkE3d0DSnLsyduQM7mbaQvVOjY1-bkTY8LEDVuF4aNocLW7A\" alt=\"\"\/><\/figure>\n\n\n\n<p>Ribera del canal cacique Guaymall\u00e9n<\/p>\n\n\n\n<figure class=\"wp-block-image\"><img decoding=\"async\" src=\"https:\/\/lh5.googleusercontent.com\/2TmIf6xgt1_AoTunzFrKD1-q5O_BvJDXKGlNDyg12kK-xSYt83d210p-ICWC4rcnn4x004IVIp9EgTc6Lle40KBiqqB1Ya_Gp8mAuPFVaYouebijOCGTgfI18Fp3IXRZdYlgUv3Rg2gEnjAmuy6PwsjidUKGk3mDibzcsO2guSxTB2Km6OrKUQFTxA\" alt=\"\"\/><\/figure>\n\n\n\n<p>Vi\u00f1a, calle El Pantano<\/p>\n\n\n\n<figure class=\"wp-block-image\"><img decoding=\"async\" src=\"https:\/\/lh4.googleusercontent.com\/MSeiDg52fXfh9c_0yJ8WSdaM5k4hx-R50Z7SX0uzqTdifTelOvEVqLC-6w8Y0sVAC9oy8K9oV2GRLS7jYxs8ZHrFwCLz37dRILLvF3triJoE86P6jRF9wdRFQ8UmXLR5QRoA7SIHBErzHQdjNFmTNq8DV12V8mmBibJIp70mOsA-y94QneJJZAe5OQ\" alt=\"\"\/><\/figure>\n\n\n\n<p>Vieja estaci\u00f3n ferroviaria, ramal Pac\u00edfico<\/p>\n\n\n\n<p>Entre las fincas y casonas antiguas muy bien conservadas se encuentra&nbsp; la casona de la Finca El Abuelo, hoy de propiedad de la familia Lanzilotta. En el a\u00f1o 1980 Juan Lanzilotta compra la finca con dos casas. La finca tiene 19 hect\u00e1reas con duraznos y peras, a lo que luego se agreg\u00f3 ajo y m\u00e1s frutales.&nbsp;<\/p>\n\n\n\n<figure class=\"wp-block-image\"><img decoding=\"async\" src=\"https:\/\/lh6.googleusercontent.com\/6CXtZaVr-GPOT0vNs7G5eFdZHKwhecxzfAvl_noCBfcs_8hi0VjHKfWxzsOClbVCrGdoqLpjoRJigMOiNpSTCui8xdp0eg6ocm_ROUelnIvpkG3TjV8rEgFucKWIsoFOAORg78TmUpupLQbFtMX3UofV6MjjlGFQl6FzJtOQ_BEzjtH31_omWJmGWQ\" alt=\"\"\/><\/figure>\n\n\n\n<p>Casona de la flia Lanzilotta<\/p>\n\n\n\n<p>Seg\u00fan narra Rosa Lanzilotta, esta casona perteneci\u00f3 a un referente de la \u00e9lite gubernamental provincial&nbsp; del siglo XIX. La casona est\u00e1 construida con adobe y techo de ca\u00f1a. Fue restaurada siguiendo los patrones originales de estilo colonial. La restauraci\u00f3n estuvo a cargo de Irrutia, especialista en restauraci\u00f3n de edificios antiguos. La casa estaba bastante abandonada, por lo que desde el 2005, bajo una pol\u00edtica de promover el turismo rural, se impuls\u00f3 la iniciativa de ponerla en valor. Actualmente funciona all\u00ed una parrilla recientemente inaugurada.&nbsp; Tambi\u00e9n se encuentra la finca \u201cDon Ernesto\u201d sobre ruta 34&nbsp; y un ostentoso chalet de fines del siglo XIX-principios del siglo XXI sobre ruta 40, en las cercan\u00edas con el cruce de ruta 34.&nbsp;<\/p>\n\n\n\n<figure class=\"wp-block-image\"><img decoding=\"async\" src=\"https:\/\/lh3.googleusercontent.com\/f-iYh4U0IGKmUOkGc9Pb5iVLaULjCbTWfBDxUm7mo-q6fCn9XLnoDcOuE2L1wp45WUnGVPZNVhbo4THkX1p3mq5uq9Iej1NinhXG1jTi3KtJcTp5YRP7abD1unRTCSGOdlqgMS4V1i26IV0bxuQ6K8iWt5yCEvoL5ydYMJd-1rek9pzStbNvi8gEBQ\" alt=\"\"\/><\/figure>\n\n\n\n<p>Finca Don Ernesto<\/p>\n\n\n\n<p>Seg\u00fan relata Alfonso Ruiz,&nbsp; la casona&nbsp; de la ruta 40 originalmente pertenec\u00eda a la familia Masa y a la se\u00f1ora Matus Hoyos. La fecha de construcci\u00f3n de la casa se remonta al a\u00f1o 1900-1905; era propiedad de familia de la clase pol\u00edtica de la \u00e9poca. Por el a\u00f1o 1950 la compra la familia Ruiz: su abuelo Jos\u00e9 Manuel Ruiz compra la casona junto a toda la finca&nbsp; que inclu\u00eda 900 hect\u00e1reas de tierra en un remate al banco Hipotecario; aparentemente era una propiedad embargada. Su abuelo con sus hijos conform\u00f3 una sociedad an\u00f3nima, \u201cBodegas y Vi\u00f1edos Manuel Ruiz Limitada\u201d y concretaron la compra en remate. En adelante se repartieron entre los hijos de su padre y se fue heredando y parcelando de generaci\u00f3n en generaci\u00f3n. La finca hoy tiene vi\u00f1a, alfalfa y partes de chacra y conserva la casona. Ahora los due\u00f1os de la finca son sus hijos, Ignacio, Alfredo, Ana y Magdalena Ruiz. De ellos el \u00fanico que reside en Lavalle es Ignacio Ruiz.&nbsp;&nbsp;<\/p>\n\n\n\n<figure class=\"wp-block-image\"><img decoding=\"async\" src=\"https:\/\/lh5.googleusercontent.com\/sEZBXQOFMpZNJZG5NTxpZDBy7b1OB7Qv3-CiqYT3GeMK9bO_wYUPqw9CB4KK1MZfYuySrBPQ2z6WDmR6PyPpGKTwlRdKPpkPD8U2h70ENkfzo7vDcXVB2yx3GpQib8Kai5GpJtTpHHhEupLU7otR-_b_EwsywidKOQNdDZQmh53Bs7RF9BxURc85wQ\" alt=\"\"\/><\/figure>\n\n\n\n<p>Una calle tradicional, hist\u00f3rica es la calle<strong> El Pantano<\/strong>. Durante el siglo XIX fue una calle de gran importancia, con propiedades de funcionarios provinciales de alta jerarqu\u00eda y familias de renombre que luego emigraron y no regresaron. Aqu\u00ed hubo grandes casonas de Villanueva. Seg\u00fan cuenta don Guillermo Argentini, donde hoy se encuentra el emprendimiento Las Marujitas se conserva un hist\u00f3rico chalet donde funcion\u00f3&nbsp; un almac\u00e9n de Ramos Generales, de Gorli. Tambi\u00e9n existi\u00f3 otro almac\u00e9n&nbsp; en la esquina de El Pantano y ruta 34 ( la casa la derribaron). Entre estas casonas se encuentra el chalet en el predio Las Marujitas. Este chalet fue propiedad de los Villanueva.&nbsp;<\/p>\n\n\n\n<figure class=\"wp-block-image\"><img decoding=\"async\" src=\"https:\/\/lh4.googleusercontent.com\/yvs0dG1VWQQ2R8joKOcDKClENGuDr5qy9gQ4IcfJoS24bMBkndgZvrrja_kvULHIuSIykB-GTaCGhFMy8ZZ7G6aMZohJ84NkXn1KJlNeDvGgMl7q-RpmWzx14ncWGs7kc_fgQAOrY9-RwcGig9ahcN_HCWB82VF3xsadOx0RRCIj9AdCfcW6o-SUiQ\" alt=\"\"\/><\/figure>\n\n\n\n<figure class=\"wp-block-image\"><img decoding=\"async\" src=\"https:\/\/lh6.googleusercontent.com\/ClUCdfr8TR65-O3QWpiTFOISp03hs3sqUGs-XERWeny8cBxOrivyCZaKzdIyhmN6fFmYRQDq8mcSB1zfQTED8uBJIHhWgXOAQewuxjtvKggnHyEcTZWX7d0jrAIKCUEnjc5p4rbvMBEczW19hcG7rpVAJORlcBTZTBlLloGWgQ86Ycr5ZlwQOM29fw\" alt=\"\"\/><\/figure>\n\n\n\n<p>Calle hist\u00f3rica El Pantano &nbsp; &nbsp; &nbsp; &nbsp; &nbsp; &nbsp; &nbsp; &nbsp; &nbsp; &nbsp; &nbsp; &nbsp; &nbsp; &nbsp; &nbsp; &nbsp; Predio Las Marujitas<\/p>\n\n\n\n<p>Otra zona tradicional es <strong>La Colmena<\/strong> y <strong>Lotes Cavero<\/strong>, donde se encuentran los t\u00edpicos almacenes y cantinas rurales entre los que se destacan el negocio \u201cLas Moritas\u201d -de Miriam Oribe-&nbsp; y el mercadito \u201cRobpauli\u201d&nbsp; -de Juan Vilches-. \u201cRobpauli\u201d de unos 30 a\u00f1os de antig\u00fcedad, tiene carnicer\u00eda, art\u00edculos de almac\u00e9n, librer\u00eda y bazar.&nbsp; \u201cLas Moritas\u201d tiene a la venta toda variedad de art\u00edculos, incluida bebida y comida. Cuenta con una frondosa arboleda donde se disponen de mesas y sillas donde la gente se acerca a la tardecita a tomar algo&nbsp; y comer alg\u00fan sandwich. En \u201cLotes Cavero\u201d el&nbsp; pionero de la provisi\u00f3n de agua potable fue Ram\u00f3n V\u00e1zquez.&nbsp;<\/p>\n\n\n\n<figure class=\"wp-block-image\"><img decoding=\"async\" src=\"https:\/\/lh4.googleusercontent.com\/2infuhix_JPmGkrnv0aXmQu6U7VWeIYbC6de14tEn0fm35n5z5HKUkIsCC3QvJ5vPvNcrnbm2Kxm8K3_Hq9xuDQEA7uAIk1Fqzp4H94B0-ZMbAKPXGJa0Hq2e_SrOhdcpe2qrSrBVdHtlpnPzVyvpP8z70i2xzBSyJX6kFq0Sp1mKmfPzubtdG3bfQ\" alt=\"\"\/><\/figure>\n\n\n\n<p><strong>Jocol\u00ed Viejo<\/strong> cuenta con varios <strong>emprendimientos productivos, comunitarios, culturales y tur\u00edsticos<\/strong>. Cuenta con un espacio de juego al tejo, sostenido por un grupo de adultos mayores, en su mayor\u00eda mujeres; se ha fortalecido el emprendimiento \u201cManos de arenal\u201d y aqu\u00ed tiene su sede la cooperativa Lacofrut. Adem\u00e1s cuenta con camping, restaurantes y caba\u00f1as: Camping El Cha\u00f1ar, Caba\u00f1as Ozcayna, Parrilla La Casona,&nbsp; la Cantina \u201cAl Rescoldo\u00bb. El Camping El Cha\u00f1ar cuenta con piscina, cantina, un sal\u00f3n para eventos y caba\u00f1as.&nbsp;<\/p>\n\n\n\n<figure class=\"wp-block-image\"><img decoding=\"async\" src=\"https:\/\/lh3.googleusercontent.com\/WVNvgUcNhUv68N8ZA51fJBthTZFWmrnugytmOz8CVUBKAgkQ3HkwUkBYopux7B9q7xsc72gz6O4LKNlIhPE_Z6-8kBf7QEDay2_e_rLZ85tb0ecy74dZWOgv_NG_ev1koCmmt6iK0U90c5uicqnNWeztoZyTtLu3F74_3Yi3rRKa9YmxKyovy7WatA\" alt=\"\"\/><\/figure>\n\n\n\n<figure class=\"wp-block-image\"><img decoding=\"async\" src=\"https:\/\/lh3.googleusercontent.com\/sjQyOYh_gOtnVqtFnmdaqitCG5iNpKpdLvtQT28XH7gXnS-GDXqRUjBocghirrBlAQulUDQtDneheF-1_oSzA9oFME-vI8sQzoRX7j5OU-VpF4wPIGHdIJhDccLnPym4Ene68vI5DtnzEmdIiIeNtXw0djmQyJ-4ExWRQSdIV-rIecIWyEBjtUeDIg\" alt=\"\"\/><\/figure>\n\n\n\n<p>Predio El Cha\u00f1ar&nbsp; &nbsp; &nbsp; &nbsp; &nbsp; &nbsp; &nbsp; &nbsp; &nbsp; &nbsp; &nbsp; &nbsp; &nbsp; &nbsp; &nbsp; &nbsp; &nbsp; &nbsp; &nbsp; &nbsp; &nbsp; &nbsp; &nbsp; &nbsp; &nbsp; &nbsp; &nbsp; &nbsp; &nbsp; &nbsp; &nbsp; &nbsp; &nbsp; &nbsp; &nbsp; &nbsp; &nbsp; &nbsp; Sal\u00f3n de eventos<\/p>\n\n\n\n<p><strong>Tradiciones de adultos y adultas&nbsp; mayores: el tejo \u201cJarilleros\u201d<\/strong><\/p>\n\n\n\n<p>En la actualidad, el grupo de tejo \u201cJarilleros\u201d re\u00fane 5 integrantes. Desde hace 7 a\u00f1os, se re\u00fanen todos los jueves&nbsp; a las 16 hs. Han participado de los juegos \u201cEvita\u201d a nivel provincial, en el Estadio Malvinas.&nbsp;<\/p>\n\n\n\n<figure class=\"wp-block-image\"><img decoding=\"async\" src=\"https:\/\/lh4.googleusercontent.com\/IyJVVz0v-_w6k-ynDn0LT2Xpo2KtdwUa2vp9yzSFy9siCBcfz1Uim7s0aUOR6VcCf0yyiUuNyaqBh2-QfKEqfan2Qz2MklexNRhu4CIa9kNuK6dWtkPyrDK7gfbmUv48rJ12C7SCVJzBoPCP1pL9fw2ZF1QHuzHSOVeKQyAl1dbGe4VM5tw2Mpw9Ww\" alt=\"\"\/><\/figure>\n\n\n\n<p>Cancha de Tejo \u201cJarilleros\u201d&nbsp;&nbsp;&nbsp;&nbsp;&nbsp;&nbsp;&nbsp;&nbsp;&nbsp;&nbsp;&nbsp;&nbsp;&nbsp;&nbsp;&nbsp;&nbsp;&nbsp;&nbsp;&nbsp;&nbsp;&nbsp;&nbsp;&nbsp;&nbsp;&nbsp;&nbsp;&nbsp;&nbsp;<\/p>\n\n\n\n<figure class=\"wp-block-image\"><img decoding=\"async\" src=\"https:\/\/lh6.googleusercontent.com\/kBFEWgjE3G3R9vkRsDJ7w0nx1_1sy9Im_bFsCq_5Iam9OlK_EOQp_k-nw08adsdRd3vyiSzM-Rzhd7qFaPDn2TxPAuDcU1l20MR5K7pSefcLE_4MT4NdLqp3_bUGV9wvxL5eSO7BPA7bkM6pFHR4TLHkNLK5_y7t052q5dUk1v95-F9W90ET0M6BRg\" alt=\"\"\/><\/figure>\n\n\n\n<figure class=\"wp-block-image\"><img decoding=\"async\" src=\"https:\/\/lh3.googleusercontent.com\/ygCq2_2OzuMlTZTeabcDg01spwOuGo4Ujg9Wd9P8AisHMlP8bY5UDrJkOobXzzACJstO3_JQvsjfPrU-5c34EsSEehGDosopa2ZJUA-dSxuUfsc_Evx3IRl-hRyb-YoklSSZNaf-l8euKh_IGCppTnKoAduoNNIONqjvFz4_RVL4pn-nDvTAB5JXPg\" alt=\"\"\/><\/figure>\n\n\n\n<p>En campeonato<\/p>\n\n\n\n<p><strong><em>\u201cManos de arenal\u201d<\/em><\/strong><\/p>\n\n\n\n<p>Este emprendimiento propone un trabajo de recuperaci\u00f3n de t\u00e9cnicas, materiales y procedimientos de los pueblos originarios que habitan nuestro territorio, los Huarpes. Con respecto al procedimiento, se est\u00e1 usando arcilla de la zona, de Asunci\u00f3n y Lagunas del Rosario, localidades que pertenecen a la comunidad Huarpe. Una vez extra\u00edda la materia prima, se procede a la preparaci\u00f3n de la pasta para lograr que esta pueda ser utilizada en la elaboraci\u00f3n de alimentos, resistiendo la llama directa. Entre otras cosas tambi\u00e9n se hace hincapi\u00e9 en el uso de engobes naturales (tierras de colores con arcilla) para la decoraci\u00f3n de las piezas evitando el uso de esmaltes que puedan ser nocivos para la salud. En cuanto a los dise\u00f1os se trata&nbsp; de innovar, d\u00e1ndole a las&nbsp; piezas identidad propia, respecto a lo que normalmente se encuentra en el mercado, es por esto que b\u00e1sicamente no se hace producci\u00f3n en serie, sino que cada pieza es \u00fanica. La cocci\u00f3n que llevan estas piezas se realiza en un horno a le\u00f1a construido por el grupo, durante&nbsp; 6 \/ 8 horas , alcanzando una temperatura de 800 grados aproximadamente.&nbsp;<\/p>\n\n\n\n<figure class=\"wp-block-image\"><img decoding=\"async\" src=\"https:\/\/lh3.googleusercontent.com\/oS-_EB40kojWaL1xScd4ihxgP9DYf7KKXVQyckLlzRETwUkbdtGfCUTWmFzdY0XIHJ8CdgHCLKqr_SYX26_c3uDQCfdiwfdoyIaDKSGf-JmO3IjxI4lMRn6mermGuBuHV90R9V4k_i86_va5Bt1GR0up-FGSMsoO11AiBbjvhXBMpWk-cb8g_rFnmw\" alt=\"\"\/><\/figure>\n\n\n\n<figure class=\"wp-block-image\"><img decoding=\"async\" src=\"https:\/\/lh5.googleusercontent.com\/9q5b_BOql8mV-w3SrMTxRkh5zbGKrqzHfjmURcChGwrben6KH3gJuN_te0SeiVkW4dtbM_A7I3bY7k1Ax_unwNiUfOauSXhq9IPvTaKFde-AQJ9MHBUSxhDoD1Bb_nKUtHRPTz4dhnJ9SWjbLeIEmtUZF-6YbMSQQcNzIbvkRMNBtEhoUJ3lVvxCUQ\" alt=\"\"\/><\/figure>\n\n\n\n<p>Colectivo Manos de Arenal&nbsp;<\/p>\n\n\n\n<p><strong>Cooperativa Lacofrut<\/strong><\/p>\n\n\n\n<p>La <strong>Cooperativa Lacofrut<\/strong> se fund\u00f3 entre los a\u00f1os 1988\/1989, reuniendo por ese entonces un total de 65 afiliados, todos ellos peque\u00f1os productores \u201cmeloneros\u201d, como les llaman a los productores de mel\u00f3n. La iniciativa asociativa se impuls\u00f3 en triangulaci\u00f3n con INTA y la Municipalidad de Lavalle respondiendo a la necesidad de promover la comercializaci\u00f3n de melones. Seg\u00fan narra Pascual Arce, uno de sus referentes, en todo el proceso han atravesado muchas dificultades, desaf\u00edos y mucho esfuerzo.&nbsp; En este mismo proceso, hubo una etapa en que se intent\u00f3 diversificar la producci\u00f3n, pero fracas\u00f3, y qued\u00f3 s\u00f3lo la producci\u00f3n de mel\u00f3n y uva de mesa. La mayor crisis fue en el a\u00f1o 2003, donde quedaron s\u00f3lo 15 productores.<\/p>\n\n\n\n<p>En la actualidad la cooperativa cuenta con 25 familias asociadas, todos ellos productores que se dedican al empaque de mel\u00f3n y uva de mesa en un total de 120 hect\u00e1reas, con un promedio de 5 hect\u00e1reas por cada socio\/familia. Son un referente departamental ante el marco provincial y nacional respecto de la producci\u00f3n y comercializaci\u00f3n de mel\u00f3n y sand\u00eda, matriz donde el departamento es emblem\u00e1tico. Adem\u00e1s han dictado numerosos cursos sobre cooperativismo en el CEIL y colegios secundarios. Tambi\u00e9n asesoraron en la conformaci\u00f3n de una cooperativa en Media Agua. Reciben visitas desde el exterior. Son un referente cooperativo puesto que siempre est\u00e1n atentos a las innovaciones&nbsp; respecto de nuevos materiales y productos. Es decir, la cooperativa tiene un perfil innovador. Otro aspecto que la destaca es que siempre colabora con la vendimia, en la distribuci\u00f3n de melones tradicional de los carros.&nbsp;<\/p>\n\n\n\n<figure class=\"wp-block-image\"><img decoding=\"async\" src=\"https:\/\/lh4.googleusercontent.com\/eK5Zt3P5euWNusdt9wPoPjRJ0LTE6V4kmYdoJe8jNWr0K6pGzOY25JCZ1qBkSh0dljbD5PxvoLknpRQuULverQij7S6LlRW_fhGIFzj7fGeTdt0gCt9M2YlrNofMJsSsxS_kPFA63vRjxETtDnzlkCzF88cQXWZIxuwxWi5munvyAV2DCwdUv5Po7w\" alt=\"\"\/><\/figure>\n\n\n\n<p>Cooperativa Lacofrut<\/p>\n\n\n\n<figure class=\"wp-block-image\"><img decoding=\"async\" src=\"https:\/\/lh6.googleusercontent.com\/xnMAs1pPfPyLzZHwAu3tMuu5xqG2GwqvfpbgJwZwbzRKmbTF8Av9aNtJxx1h7x17na22-EppDFxFsqBA4qOn9c1fnH2xcACJJ_-p8oC6_GoUbJgqgWgfTOsn6VZBtX3f6LInrJgNy2hbk4uV4P_Lp0jcqpiqHRjThzvC6eto1Ti1eQoD1B0KZKy15w\" alt=\"\"\/><\/figure>\n\n\n\n<figure class=\"wp-block-image\"><img decoding=\"async\" src=\"https:\/\/lh5.googleusercontent.com\/4InX_hQyOYqZKw45i_EBCT3RWQghWzsXvrhejOubQR-pW9eDLlR_my-NS7EQvWPh8w3u3S3nXg5yRiMRw4AkzsNvz4nbBWf_mpPJGbiL9RMWIBnfDrB51bX5Gqjg0Fe1YEYuHxT78Y4TfxAgb2aoBAMYEmfCfQtgA7ZT50Bx9zsqOTYGykEEzsrJpA\" alt=\"\"\/><\/figure>\n\n\n\n<p>En producci\u00f3n&nbsp; &nbsp; &nbsp; &nbsp; &nbsp; &nbsp; &nbsp; &nbsp; &nbsp; &nbsp; &nbsp; &nbsp; &nbsp; &nbsp; &nbsp; &nbsp; &nbsp; &nbsp; &nbsp; &nbsp; &nbsp; &nbsp; &nbsp; &nbsp; &nbsp; &nbsp; &nbsp; &nbsp; &nbsp; &nbsp; &nbsp; &nbsp; &nbsp; &nbsp; &nbsp; &nbsp; &nbsp; &nbsp; Visita de la Reina de Lavalle&nbsp;<\/p>\n","protected":false},"excerpt":{"rendered":"<p>Jocol\u00ed Viejo es un distrito rural conformado por&nbsp; varias fincas donde se produce vid y chacra. Se encuentra atravesado por calles, callejones, huellas muy pintorescas&nbsp; cuya impronta es el silencio y la tranquilidad. Se destaca por la presencia de casonas muy antiguas, en muy buen estado de conservaci\u00f3n. Hay restaurantes y cantinas y se destaca [&hellip;]<\/p>\n","protected":false},"author":1,"featured_media":0,"parent":969,"menu_order":0,"comment_status":"closed","ping_status":"closed","template":"elementor_theme","meta":{"om_disable_all_campaigns":false,"_monsterinsights_skip_tracking":false,"_monsterinsights_sitenote_active":false,"_monsterinsights_sitenote_note":"","_monsterinsights_sitenote_category":0,"site-sidebar-layout":"default","site-content-layout":"default","ast-site-content-layout":"","site-content-style":"default","site-sidebar-style":"default","ast-global-header-display":"","ast-banner-title-visibility":"","ast-main-header-display":"","ast-hfb-above-header-display":"","ast-hfb-below-header-display":"","ast-hfb-mobile-header-display":"","site-post-title":"","ast-breadcrumbs-content":"","ast-featured-img":"","footer-sml-layout":"","theme-transparent-header-meta":"default","adv-header-id-meta":"","stick-header-meta":"","header-above-stick-meta":"","header-main-stick-meta":"","header-below-stick-meta":"","astra-migrate-meta-layouts":"default","ast-page-background-enabled":"default","ast-page-background-meta":{"desktop":{"background-color":"var(--ast-global-color-4)","background-image":"","background-repeat":"repeat","background-position":"center center","background-size":"auto","background-attachment":"scroll","background-type":"","background-media":"","overlay-type":"","overlay-color":"","overlay-opacity":"","overlay-gradient":""},"tablet":{"background-color":"","background-image":"","background-repeat":"repeat","background-position":"center center","background-size":"auto","background-attachment":"scroll","background-type":"","background-media":"","overlay-type":"","overlay-color":"","overlay-opacity":"","overlay-gradient":""},"mobile":{"background-color":"","background-image":"","background-repeat":"repeat","background-position":"center center","background-size":"auto","background-attachment":"scroll","background-type":"","background-media":"","overlay-type":"","overlay-color":"","overlay-opacity":"","overlay-gradient":""}},"ast-content-background-meta":{"desktop":{"background-color":"var(--ast-global-color-5)","background-image":"","background-repeat":"repeat","background-position":"center center","background-size":"auto","background-attachment":"scroll","background-type":"","background-media":"","overlay-type":"","overlay-color":"","overlay-opacity":"","overlay-gradient":""},"tablet":{"background-color":"var(--ast-global-color-5)","background-image":"","background-repeat":"repeat","background-position":"center center","background-size":"auto","background-attachment":"scroll","background-type":"","background-media":"","overlay-type":"","overlay-color":"","overlay-opacity":"","overlay-gradient":""},"mobile":{"background-color":"var(--ast-global-color-5)","background-image":"","background-repeat":"repeat","background-position":"center center","background-size":"auto","background-attachment":"scroll","background-type":"","background-media":"","overlay-type":"","overlay-color":"","overlay-opacity":"","overlay-gradient":""}},"footnotes":""},"wf_page_folders":[11],"class_list":["post-3400","page","type-page","status-publish","hentry"],"aioseo_notices":[],"_links":{"self":[{"href":"https:\/\/mendozadiversa.com\/index.php\/wp-json\/wp\/v2\/pages\/3400","targetHints":{"allow":["GET"]}}],"collection":[{"href":"https:\/\/mendozadiversa.com\/index.php\/wp-json\/wp\/v2\/pages"}],"about":[{"href":"https:\/\/mendozadiversa.com\/index.php\/wp-json\/wp\/v2\/types\/page"}],"author":[{"embeddable":true,"href":"https:\/\/mendozadiversa.com\/index.php\/wp-json\/wp\/v2\/users\/1"}],"replies":[{"embeddable":true,"href":"https:\/\/mendozadiversa.com\/index.php\/wp-json\/wp\/v2\/comments?post=3400"}],"version-history":[{"count":1,"href":"https:\/\/mendozadiversa.com\/index.php\/wp-json\/wp\/v2\/pages\/3400\/revisions"}],"predecessor-version":[{"id":3401,"href":"https:\/\/mendozadiversa.com\/index.php\/wp-json\/wp\/v2\/pages\/3400\/revisions\/3401"}],"up":[{"embeddable":true,"href":"https:\/\/mendozadiversa.com\/index.php\/wp-json\/wp\/v2\/pages\/969"}],"wp:attachment":[{"href":"https:\/\/mendozadiversa.com\/index.php\/wp-json\/wp\/v2\/media?parent=3400"}],"wp:term":[{"taxonomy":"wf_page_folders","embeddable":true,"href":"https:\/\/mendozadiversa.com\/index.php\/wp-json\/wp\/v2\/wf_page_folders?post=3400"}],"curies":[{"name":"wp","href":"https:\/\/api.w.org\/{rel}","templated":true}]}}